c. Let w(v) = -v**3 - 4*v**2 - 15*v + 10. What are the prime factors of w(c)?
2, 5, 11
Let h = -22577 - -26290. List the prime factors of h.
47, 79
Let f(t) = 25*t**2 - 4*t + 11. What are the prime factors of f(10)?
7, 353
Let u be 1/(-8)*-30 + (-12)/16. Suppose -4*d - 16 = -3*a, 4*d + d + 20 = -5*a. Suppose a = c - 52 - u. List the prime factors of c.
5, 11
Let g be (((-20)/3)/4)/((-4)/12). Let o(u) = 3*u**3 + 3*u**2 - 8*u - 19. What are the prime factors of o(g)?
17, 23
Let d = 670 + -292. Suppose -60*s + 58*s = -d. List the prime factors of s.
3, 7
Suppose -c + 4396 = 3*c. Suppose 8*q - 4*q - i - c = 0, -5*q + 1385 = i. Suppose 7*f - 158 = q. What are the prime factors of f?
2, 31
Let p(z) = 2*z + 9. Let g be p(-4). Let d be g/(-4 + (-172)/(-44)). Let s(f) = -f**3 - 10*f**2 - 6*f + 21. List the prime factors of s(d).
2, 13
Let k = -16 + 13. Let f = k - -6. What are the prime factors of f*(-2 - -1) + 64?
61
Let o(f) = 817*f + 3687. What are the prime factors of o(15)?
2, 3, 2657
Suppose -52*i - 11445743 = -207*i + 1134522. List the prime factors of i.
81163
Suppose 0 = -5*c - 0*c + 6710. Suppose -3*y + 3 = 0, 5*x - c = -13*y + 16*y. List the prime factors of x.
269
Let y(v) = 15*v - 3. Let h(o) = o + 5. Let z be h(-1). Suppose -6*k + 8 = -z*k. List the prime factors of y(k).
3, 19
Suppose 8382 = k - 21*r + 23*r, 3*k + 5*r = 25144. List the prime factors of k.
2, 59, 71
Suppose -4*l + a = -71236, 3*l - 5*a - 73434 = -20024. List the prime factors of l.
2, 5, 13, 137
Let y = 49 - 45. Suppose t - 22 = h, 2*h - 4*t = y*h + 56. What are the prime factors of (-8)/(-28) - h/14?
2
Suppose m - o = -8, -5*m + 2*o - 28 + 3 = 0. Let d be 16/(-4) - m - -5. Suppose i + d*c - 182 = 2*c, 0 = 2*i - c - 344. List the prime factors of i.
2, 3, 29
Let g(i) = 61*i + 49. Let b be (-186)/(-1395) - 236/(-30). List the prime factors of g(b).
3, 179
Suppose -j - 3 = -2*g, -4 = -4*g + j + 5. Let t be 2028*((-9)/g)/(-6). Suppose 31 = 5*q - t. What are the prime factors of q?
11, 19
Let z(s) = 52*s + 40. Let t be z(2). What are the prime factors of (325/(-260))/((-2)/t)?
2, 3, 5
Let h be 2 + 307 + (-9 - -4). Let n = 687 - h. What are the prime factors of n?
383
Let m = 17143 - 10792. List the prime factors of m.
3, 29, 73
Suppose -4*a + 45 = -5*k, -40 = -a - 2*a + 5*k. Let z(q) = -q**3 + 3*q**2 + 13*q - 12. Let x be z(a). Suppose 293 = x*c - 172. What are the prime factors of c?
5, 31
Let v be 7/((-7)/(-15)) - -1. Suppose -5*u = -4*r + 7, 5*u - v + 2 = -3*r. Suppose 0 = -o - r*k + 60 + 23, o - 4*k - 97 = 0. What are the prime factors of o?
89
Suppose 0 = -2*a - p - 891, -2*a = -4*p + 324 + 552. Let w = a + 1106. What are the prime factors of w?
2, 331
Suppose w = -2*y - 677 - 605, -y = -5. Let v = -738 - w. List the prime factors of v.
2, 277
What are the prime factors of (403/26 + -9)/(3*(-4)/(-22728))?
13, 947
Let x(h) = h**3 + 3*h**2 - 9*h + 15847. What are the prime factors of x(0)?
13, 23, 53
Suppose 0 = -33*g + 401886 + 828684. What are the prime factors of g?
2, 3, 5, 11, 113
Let u be -1 - 9/6*-2. Let x be (-2010)/(-21) + 1 - u/(-7). Suppose 5*r - x - 248 = 0. What are the prime factors of r?
3, 23
Let s = -11 - -32. Suppose o + 17 = 3*v - 5*v, -3*o = v + s. What are the prime factors of (v/(-12))/(1/150)?
3, 5
Suppose 276*d - 339*d = -409185. List the prime factors of d.
3, 5, 433
Let u be (-32876)/(-17) - (-8)/68. Suppose -u + 56 = -6*q. List the prime factors of q.
313
Let b(y) = -4*y - 4. Let j be b(-1). Suppose -4*s + 15 + 5 = j. Suppose 0 = 9*c - s*c - 172. What are the prime factors of c?
43
Suppose -j + 3*m + 440 = 0, 5*j - 4*m + 1228 - 3439 = 0. Let k(l) = -2*l**3 + 6*l**2 - 10*l - 7. Let q be k(6). Let y = q + j. What are the prime factors of y?
2, 5
Let b = 6569 + 577. List the prime factors of b.
2, 3, 397
List the prime factors of (-338)/(-39) - 12/18 - -12059.
11, 1097
Let i = -34 + 43. Let d be -3*(-3)/i*(8 + -1). Let m(s) = 3*s - 1. List the prime factors of m(d).
2, 5
Suppose -2*j + 15 = 4*s - s, 4*s = -5*j + 20. Suppose 122*b - 117*b - 5285 = j. What are the prime factors of b?
7, 151
Suppose -30*d + 545 = -35*d. Let u = d + 112. List the prime factors of (76/3 - -4)*u.
2, 11
Suppose 2 = 5*t - 3, -5*t = q - 1320. Let l = -789 + q. List the prime factors of l.
2, 263
What are the prime factors of (-12 + -13 - 44939)/((-2)/((-8)/(-6)))?
2, 3, 1249
Let d be (2 + 12)/(-7) + 1 + -3. Let w be (-12)/(-9)*(4 + (-26)/d). Suppose -16*f = -w*f - 298. List the prime factors of f.
149
Suppose -14 = 8*j - 30. Suppose j*v - 5*z - 156 = 437, 0 = -4*v + 3*z + 1207. List the prime factors of v.
2, 19
Let h be 1 + -2 - 8/((-104)/65). Suppose 395 + 365 = h*d. What are the prime factors of d?
2, 5, 19
What are the prime factors of -6 - -2 - (-8 + 6) - -4536?
2, 2267
Let y(j) = -2*j**3 - 15*j**2 - 32*j**2 + 3*j + 9 - 2*j + 33*j**2. Let m be y(-7). Suppose 152 = m*g + 2*g. List the prime factors of g.
2, 19
Suppose -31*g + 13*g + 306 = 0. Suppose -g*k + 3608 = -13*k. What are the prime factors of k?
2, 11, 41
Let m(s) be the first derivative of -2*s**3/3 - 3*s**2/2 + 486*s + 59. List the prime factors of m(0).
2, 3
Suppose -1782*a + 20 = -1777*a. Suppose 5*l - 1560 = -4*i + 3*i, 4*l - 6304 = -a*i. List the prime factors of i.
2, 5, 79
Let l(y) = -169*y**3 - 28*y**2 - 133*y + 25. What are the prime factors of l(-6)?
36319
Let y be 20/(-9 - -5) - -10. Let i be 1*2 - (-2 - 1). Suppose -i*d - 72 - 18 = -c, -595 = -y*c - 4*d. What are the prime factors of c?
5, 23
Let r = 336 - 399. List the prime factors of (-84)/(259/r + 4).
2, 3, 7
Suppose 25921 = 4*q - 5*u - 0*u, 3*q + 5*u - 19432 = 0. List the prime factors of q.
11, 19, 31
Let r be (-4)/5*(75/6)/(-5). Let p(z) = -2*z**3 - 2 + 375*z**r + z**3 + 6*z - 369*z**2. What are the prime factors of p(4)?
2, 3
Suppose 8*w + c - 193889 = 3*w, w + 3*c - 38761 = 0. What are the prime factors of w?
13, 19, 157
Let s(o) = 2077*o**2 + 88*o - 264. List the prime factors of s(3).
3, 31, 67
Let i(a) = a**3 + 11*a**2 - 13*a - 26. Let y be i(-12). Let l = y - -11. What are the prime factors of l/(3/6 - 2) - -63?
5, 13
List the prime factors of 0 + 1975 + 16/64*-28.
2, 3, 41
Suppose 17*x + 20*x - 1022643 = 0. List the prime factors of x.
3, 37, 83
Suppose 0 = -o - o - 4*l + 2, 0 = -3*l - 6. Suppose -20*k + 5050 = o*k. List the prime factors of k.
2, 101
Suppose -16010 = -3*y + 2*p, -9285 - 17413 = -5*y - 4*p. List the prime factors of y.
2, 17, 157
Let c = -43312 - -83014. List the prime factors of c.
2, 3, 13, 509
What are the prime factors of ((-105)/28)/(35/(-83608))?
2, 3, 1493
Suppose -8 = -2*u - 2*u + 4*p, -3*u = 2*p - 6. Suppose 3*g - 3*a = 2151, 5 = u*a + 7. List the prime factors of g.
2, 179
Let c(s) = 1468*s**2 + 386*s + 1882. What are the prime factors of c(-5)?
2, 7, 11, 17
Let q = 125 - 123. Suppose -5*k + 2*f + 6296 = 0, 0 = 3*k - 5*k + q*f + 2516. What are the prime factors of k?
2, 3, 5, 7
Let m = -63 - -14. Let w = -160 - -162. What are the prime factors of m/(-3 + 0 + w)?
7
Suppose -24*g + 16 = -20*g. Suppose 3*j = 2*f + j + 4, -g = -f - j. List the prime factors of 62*f + (-12 - -8).
2, 29
Suppose 0 = -3*u - 4*a - 86119 + 234643, u = -4*a + 49500. What are the prime factors of u?
2, 3, 2063
Let j(z) = 1095*z**2 + z - 3. What are the prime factors of j(2)?
29, 151
Suppose 3*b = 4*k - 144802, 4*b = -k + 15568 + 20604. What are the prime factors of k?
2, 9049
Suppose -8*z - 10*z = -90. Suppose -1117 = -5*g + q, -3*g + z*g - 4*q = 454. What are the prime factors of g?
223
List the prime factors of (-4)/8 + (-2)/(-28)*635831.
2, 7, 811
Let x = -8547 + 4351. Let f = -2994 - x. List the prime factors of f.
2, 601
What are the prime factors of (-32199)/(-4) - ((-40)/480)/((-4)/(-12))?
2, 5, 7, 23
Let x(i) = 3*i + 42. Let a be x(7). List the prime factors of (-27)/((28/a)/(-4)).
3
Suppose -230*f + 10086969 - 3571529 = 0. What are the prime factors of f?
2, 3541
Let u be 1 + 1805 + (-6 - -1 - -1). Let i = u - 1099. What are the prime factors of i?
19, 37
Let n be -1 - -15*((-1715)/(-25) + -1). Suppose -2*z + n = -h, 2*z - h - 2*h - 1007 = 0. What are the prime factors of z?
2, 127
What are the prime factors of 10/4*52571160/2700?
48677
Suppose -x - 63 = -59. Let a = 10 + x. Suppose 32 = -a*j + 8*j. List the prime factors of 